e prime factors of c.
2, 37
Suppose 0*r + 7*r = 0. Let f(h) = -h**2 + 117. Let a be f(r). Suppose -4*d = -359 - a. What are the prime factors of d?
7, 17
Let c be (-6)/(-2)*3952/(-57) - 4. Let d = 358 + c. Let w = d + -31. What are the prime factors of w?
5, 23
Suppose 0 = 184*h - 3998582 - 2543504 + 2172454. List the prime factors of h.
2, 3, 1979
Suppose -6*a + 2*a + 6243 = -x, 5*a - 7835 = -5*x. Suppose -12*b + 2890 = -a. List the prime factors of b.
7, 53
Let j = -775 - -1106. Let k = j + 487. List the prime factors of k.
2, 409
Let l be -8 - -17 - 7 - 1*675. Let a = l + 1046. What are the prime factors of a?
373
Suppose -5*y + 3*p = -2783, -3*p + 2442 = 5*y - 305. What are the prime factors of y?
7, 79
Let q(h) = -2533*h - 456. List the prime factors of q(-3).
3, 2381
Let b = -1635 - -486. What are the prime factors of b/(-12)*(2 - 14/(-7))?
383
Let h = 12143 - 6632. Suppose 5*b + 4*v = 3421 + 3494, -v = -4*b + h. List the prime factors of b.
7, 197
Suppose -15 = s - 14. List the prime factors of (3/s)/(36/(-3852)).
3, 107
Suppose -d + 5*o = -273, -d = -2*o + 5*o - 257. Let w = d + -115. List the prime factors of w.
2, 37
Let m = 30 - 17. Let g(w) = 32*w + 8. Let y be g(m). Suppose 3*v = -4*c + 2*v + y, c - 5*v = 85. What are the prime factors of c?
3, 5, 7
Let i(x) = 8*x - 20. Let h(m) = -5*m + 13. Let o(p) = 3*p - 32. Let y be o(13). Let w(t) = y*h(t) + 5*i(t). List the prime factors of w(8).
31
Let q(c) = c**3 + 24*c**2 + 36*c - 23. Let k be q(-22). List the prime factors of (-7)/(-4 - k/(-39)).
7, 13
Suppose d - 1836 = 317. Suppose -20*g + 9033 - d = 0. List the prime factors of g.
2, 43
Suppose 0 = -5*c - 4*n + 92066, 55632 = 4*c - 2*n - 18026. What are the prime factors of c?
2, 3, 11, 31
Let c be (-3)/1 - (-11 - -8). Suppose 5*w + c*w + 6 = 3*x, -5*w = 0. List the prime factors of 1112/4 - 3 - 1*x.
3, 7, 13
Let v be -7 - (-79)/11 - (-224)/(-22). What are the prime factors of (28348/190)/((-4)/v)?
373
Let r = 493 - 484. What are the prime factors of (-108)/(18/r)*(-61)/3?
2, 3, 61
Suppose 46*k - 243082 - 243422 + 42052 = 0. What are the prime factors of k?
2, 4831
Let s = 17 + -11. Suppose -s*q = 1310 - 5654. Suppose -38*m = -42*m + q. What are the prime factors of m?
181
Let m be ((-6)/(-15))/((-4)/(-40)). Suppose -6*b + 129 = -2*b - 3*s, 5*s + 119 = m*b. Suppose b = 37*t - 36*t. List the prime factors of t.
2, 3
Let t(x) = 1596*x**2 + x - 17. What are the prime factors of t(3)?
2, 5, 7, 41
Let s = 68 + 46. Suppose -3*k + 5*n = -5*k + 30, -n = -5*k + 21. Suppose -2*v - s = -k*v. List the prime factors of v.
2, 19
Let b = -115 + -146. Let q = b - -372. Let y = 181 - q. List the prime factors of y.
2, 5, 7
Let c = 206 + -205. Let k(v) = 1333*v + 48. What are the prime factors of k(c)?
1381
Let d = 38400 - 6478. What are the prime factors of d?
2, 11, 1451
Suppose 10*y - 4*y = -84. Let g(f) = -f**3 - 12*f**2 + 11*f + 29. Let i be g(y). Suppose -5*b - n + 5*n = -445, n = -3*b + i. List the prime factors of b.
89
Suppose 3*v + z + 4*z - 16 = 0, -3*z = -3*v. Suppose -c - 2 = 0, -40 = v*f + 4*c - 140. Let b = f + 148. List the prime factors of b.
2, 101
Suppose -21 = -3*n - o, 5 = -3*o - 4. Suppose d = -n*d. Suppose d = 5*i - 316 - 44. List the prime factors of i.
2, 3
Let m(r) = -r - 17. Let t(p) = -16. Let w(o) = 5*m(o) - 6*t(o). Let z(u) = -3*u**3 + 44*u**2 + 13*u + 4. Let g be z(15). What are the prime factors of w(g)?
3, 47
Suppose 3*a + 182 = 3680. Let z = -711 + a. List the prime factors of z.
5, 7, 13
Let y = 24536 + -9182. List the prime factors of y.
2, 3, 853
Let c(z) = -2*z - 2*z - 2 + 45*z**2 + 24*z**2 - 11*z**2. List the prime factors of c(2).
2, 3, 37
Let r(s) = s**3 - 2*s**2 + s - 3. Let h be r(3). Suppose 8*f - h*f = -2. List the prime factors of (f - 170)/(-2) - -3.
3, 29
Suppose 6913 = -27*j + 458191. What are the prime factors of j?
2, 61, 137
Let i(l) = -3132*l - 2502. List the prime factors of i(-5).
2, 3, 17, 43
Suppose 10*w = 367 + 2933. Suppose 55*n - w = 495. What are the prime factors of n?
3, 5
Let z(r) = 7*r**2 + 4*r - 2. Suppose -2 = 11*i + 86. List the prime factors of z(i).
2, 3, 23
Let r(o) = -o**3 - 7*o**2 - 2*o - 188. What are the prime factors of r(-19)?
2, 3, 17, 41
Let v(m) = 239*m - 12. Let f be (23/6)/23*12/2. What are the prime factors of v(f)?
227
Suppose 0 = 4*o + 4*q - 22640 - 2680, -2*o = -4*q - 12648. List the prime factors of o.
2, 7, 113
List the prime factors of 642 - ((-46)/6 + 8)*18.
2, 3, 53
Let t be (40 + 1)/(182/30 - 6). Suppose -3*l = -5*j - t, 5*l - 2*j = -j + 1025. Suppose 7 = -g + l. List the prime factors of g.
2, 3, 11
Let f = 31 + -27. Suppose -6*m + 3*m + d + 99 = 0, f*m + d - 132 = 0. What are the prime factors of m?
3, 11
Suppose 42750 = j + o, 4*o - 141223 + 12965 = -3*j. List the prime factors of j.
2, 7, 43, 71
Let y = -1292 - -10029. What are the prime factors of y?
8737
Let s(p) = -4*p - 6. Let j be s(-2). Suppose 0 = -j*c + 6, -5*c + 15 = 5*m. Suppose m = -2*t - 0*t + 410. What are the prime factors of t?
5, 41
Let z = 98 - 1090. Let q = z - -1516. What are the prime factors of q?
2, 131
Let h(l) = -14*l + 30. Suppose 32*m - 21*m + 132 = 0. List the prime factors of h(m).
2, 3, 11
Let l = 17285 + -4277. List the prime factors of l/66 - (-2)/(-22).
197
Let z be (4 + 3625)/(7/7). Let w = 5256 - z. What are the prime factors of w?
1627
Let w(p) = 66*p + 559. What are the prime factors of w(37)?
3001
Let h be (0 + (-60)/(-21))/((-16)/(-7784)). Suppose 3*l - 950 - h = 0. List the prime factors of l.
2, 3, 5, 13
Let o be (1 + (-3)/2)/(21/(-82194)). Let h = o + -1000. What are the prime factors of h?
3, 11, 29
Suppose 0 = -4*h + 6 + 2. Suppose 5 = -h*q - 3*q. Let v = q + 32. List the prime factors of v.
31
Suppose -41*m + 62543 = -28*m. What are the prime factors of m?
17, 283
Let p = 26 + -29. Let n(b) = 4*b - 15. Let f be n(p). What are the prime factors of 12*f*10/(-24)?
3, 5
Let p(i) = -i**2 - 3*i. Let j be p(-2). Suppose -3*a - 2438 = -5*h - 0*h, -j*h + 976 = -a. List the prime factors of h.
2, 5, 7
Suppose -3*o + 67939 = 5*q, 19*q - 6 = 16*q. What are the prime factors of o?
22643
Let v be (22/(-6) - -4)*57. Let d(c) = c**2 + 14*c - 2*c + v + 5. List the prime factors of d(-12).
2, 3
Suppose j = -4*j - 5, -5*f - 3*j + 10352 = 0. List the prime factors of f.
19, 109
Let i = -1395 + 797. Let d be (-4)/(-10) - i/5. Suppose 2*q + 197 = 5*w, -w + 4*w = 3*q + d. List the prime factors of w.
3, 13
Suppose -9*w + 14*w + 26620 = d, 4*d - 106618 = -3*w. What are the prime factors of d?
2, 5, 13, 41
Let f be (6/15)/(1/(-5)). Let o(d) = 1 - 4*d - 3*d + 1 + 0*d + d. List the prime factors of o(f).
2, 7
What are the prime factors of (18/(-4))/(10 - (-105287)/(-10528))?
2, 3, 47
Let l(o) = -o**3 - 2*o**2 - 2*o + 3. Let a(s) = s**2 - 15*s - 37. Let i be a(17). Let u be l(i). Suppose 8*v + u = 42. What are the prime factors of v?
3
Let s(o) = 17*o**2 + 14*o - 86. Let t(i) = 10*i**2 + 7*i - 43. Let g(w) = -3*s(w) + 5*t(w). List the prime factors of g(-9).
5
Suppose -3*v = 2*d + 51911 - 142653, 3*v - 4*d = 90730. List the prime factors of v.
2, 3, 71
Let s = -122 - -120. What are the prime factors of (-5 + 7)/((-7)/(1533/s))?
3, 73
Suppose 2*l = -3*l - l. Let j be (l - 3/2)/(12/(-40)). Suppose -2*a - 203 = -3*d, -j*a + 2*a - 77 = -d. What are the prime factors of d?
5, 13
Let v be (-3288)/(488/128 - 4). Suppose 12*o = -6580 + v. What are the prime factors of o?
11, 83
Suppose 0 = -6*t + 21*t - 75. Let j(l) = 191*l + 10. List the prime factors of j(t).
5, 193
Let c(h) be the second derivative of h**5/10 + 13*h**4/4 - 15*h**3/2 - h**2 - 6*h + 2. What are the prime factors of c(-20)?
2, 3, 83
Suppose 7*t = -27*t. Suppose -2*s = t, -4*z + s - 266 = -2842. What are the prime factors of z?
2, 7, 23
Suppose 0 = -3*t + 8*y + 54540, 0 = 5*t - 0*t - 4*y - 90956. What are the prime factors of t?
2, 4549
Let q be -2 - 3 - (5 - 1660). Suppose 10*d - 2*k = 15*d - 1650, 5*d + 4*k = q. List the prime factors of d.
2, 3, 5, 11
Let r(f) = -23*f + 125. Let i be r(5). Suppose 6*b - i*b + y = -4298, 2154 = 2*b - 3*y. What are the prime factors of b?
2, 3, 179
Suppose w = 4*w - 12, 0 = -4*c + w + 4. Suppose l + c*a - 5*a = 351, -a - 1797 = -5*l. What are the prime factors of l?
2, 3, 5
Let d = -4701 - -123